et t(y) = -5*i(y) + k(y). Is t(2) composite?
False
Let d be 6/(-4)*(-4)/3. Let o(z) = -5 + d + 2 - 12*z. Is o(-2) composite?
False
Suppose 1902 = -4*m + 3*u, m + 0*m = u - 475. Is m/(-21) - (-6)/21 composite?
False
Let i be (-16)/(-9) - (-4)/18. Suppose -90 = 4*k - g - 1234, -869 = -3*k - i*g. Is k a composite number?
True
Suppose 0 = k + k - 10. Suppose -4*q - k = -17. Suppose -q*y - 812 = -7*y. Is y composite?
True
Let i = 602 + -267. Is i prime?
False
Let o(f) = f**2 - 7*f + 4. Let v be o(5). Let l = 9 + v. Suppose 6*c - 15 = -5*z + 3*c, l*c = -z - 9. Is z a prime number?
False
Let r = 443 + -210. Is r prime?
True
Suppose 6*b - 3 = 5*b. Suppose 0 = -b*y - 6, -u + 126 = -4*y - 39. Is u prime?
True
Let p be (20/6)/((-6)/(-9)). Suppose -9*t + 388 = -p*t. Is t a composite number?
False
Let y be (-14)/(-3) - 10/15. Suppose -y*g + 1676 = -0*g. Is g a composite number?
False
Suppose -2*w + 2 = -w. Let d(l) = -4 + 0*l**2 + w*l**2 - 4 + 3. Is d(-6) a prime number?
True
Let a(d) = -d**2 - 6*d + 2. Suppose 7*s - 4 = 8*s. Is a(s) a prime number?
False
Let n be (0 + 6)/((-1)/(-10)). Let v = n - 101. Let m = v + 78. Is m a composite number?
False
Let s = -2 + 6. Suppose -367 = -s*j + 85. Is j a prime number?
True
Suppose 0 = -4*f + 5*p + 887, 2*f - 896 = -2*f - 4*p. Is f a prime number?
True
Let l(d) = d - 4. Let c be l(7). Let h(x) = 4*x**3 - x**2 + 3*x - 2. Is h(c) prime?
False
Let p(n) = -2*n**3 + n**2. Let m be p(-1). Suppose g - z + m*z - 27 = 0, -2*z = 3*g - 89. Is g prime?
True
Suppose 0 = r - 35 - 16. Is r a composite number?
True
Let b(o) = -16*o - 3. Let f be -5*1 - 2 - -2. Is b(f) prime?
False
Let s be (21/(-9))/((-2)/1950). Suppose -5*j + 0*j = -s. Suppose -n + j = 4*n. Is n composite?
True
Let j(l) = 2*l + 2*l + 15 - l + 0*l**2 + 2*l**2. Let s(y) = 11*y + 1. Let r be s(-1). Is j(r) composite?
True
Let i be 10/(-4)*24/(-30). Suppose 4 = -0*b + i*b. Suppose 0*k - 132 = -4*k + 4*d, b*k - 5*d = 72. Is k composite?
False
Suppose -2*q = -5*s - 171, 6*q + 3*s - 267 = 3*q. Is 4/22 + 43720/q prime?
False
Let z(c) = 7*c**2 + 7*c - 13. Is z(4) a prime number?
True
Let t = -12 - -2. Is t/(-15) - 74/(-6) composite?
False
Let j(n) = -n**3 - 6*n**2 - 5*n + 1. Let g be j(-5). Let l = 2 - g. Is (l + -4)*131/(-3) a prime number?
True
Let t(u) = u**2 - 6*u + 5. Let d be t(5). Suppose 0*r = 3*r + 2*z - 355, r - z - 120 = d. Is r a prime number?
False
Is ((-668)/8)/((-1)/2) composite?
False
Let p(z) be the first derivative of 1/3*z**3 - 3/2*z**2 + 1 - 3*z. Is p(8) prime?
True
Suppose 0 = 2*a + 5*q - 255, -a + 3*a = -4*q + 250. Suppose 0*f - a = -f. Is f a prime number?
False
Let c = 841 - 501. Suppose -l = -3*l + 4*m + 182, c = 4*l - 2*m. Is l a composite number?
False
Let d(s) = 16*s + 1. Let h be d(-1). Let q be (-12)/((12/h)/2). Suppose -q = 3*m - 141. Is m prime?
True
Is ((2 - 4)/(-1) - -819)/1 composite?
False
Let b(h) = h**2 - 7*h + 19. Is b(13) composite?
False
Let z = 20 + -20. Suppose 5*w - 165 - 100 = z. Is w composite?
False
Let t(w) = -w**3 - 14*w**2 - 17*w - 20. Is t(-14) composite?
True
Let v be -109*1/(-1) + 2. Suppose 5*q = 3*a - v, -q - q = 0. Is a a composite number?
False
Suppose 4*k + f + 12 = 37, -4*k + 43 = -5*f. Let u(q) = -q**3 + 5*q**2 + 3*q + 5. Let d be u(k). Let r = d - -125. Is r composite?
False
Suppose 5*j - 9*j - 1028 = 0. Let a = j + 431. Suppose -3*w + 0*q + a = 3*q, 5*w - 2*q = 255. Is w prime?
True
Let n = -68 + 87. Is n a composite number?
False
Suppose -9 = -4*g + 39. Is (28/6)/(4/g) composite?
True
Let f(t) = 2*t. Let o be f(-1). Let r be 0/(o + -3 + 6). Suppose -3*k - 2*k + 395 = r. Is k a composite number?
False
Let g(y) = -19*y**2 - 30*y + 5. Let a(w) = 4*w**2 + 6*w - 1. Let u(p) = 11*a(p) + 2*g(p). Is u(4) prime?
False
Suppose -2*j + 3*j = -46. Let r = j - -207. Is r prime?
False
Suppose 2*l + 5*f + 0 = 4, 2*f + 10 = 5*l. Suppose 0 = -l*v + 18 + 20. Is v prime?
True
Let x = 437 + -622. Suppose 0 = -5*k + 2 + 8. Is 2/((-1)/x*k) composite?
True
Let v = -1263 + 2031. Suppose 0 = -5*w + v - 268. Let h = -23 + w. Is h prime?
False
Let f(i) = 3*i**2 + 8*i + 2. Let u(h) = 4*h**2 + 9*h + 3. Let w(y) = -3*f(y) + 2*u(y). Let k be w(-5). Let m = 1 + k. Is m prime?
False
Let o(w) = -8*w**2 - w - 6. Suppose -15 = z - 5*u, -4*z + 4*u - 2 + 6 = 0. Let m(a) = 4*a**2 + a + 3. Let k(d) = z*m(d) + 2*o(d). Is k(-2) a prime number?
True
Suppose 5*b + 3805 = 4*w, 2*b = 7*b - 15. Is w a composite number?
True
Let v(g) = g**3 + 9*g**2 + 6*g - 2. Let l be (-6)/(-4)*(-6)/9. Let u(c) = -9*c**2 + 1. Let r be u(l). Is v(r) composite?
True
Let h(b) = 210*b**2 + 1. Is h(-1) prime?
True
Let y = 214 + -313. Let z = 20 - y. Is z a prime number?
False
Let x = -10 + 7. Let v = 56 + x. Suppose -4*i = 3*h - 159, 3*i + 3*h + v = 173. Is i a composite number?
True
Let o = -107 - -358. Is o a composite number?
False
Is ((-8)/(-40))/((-2)/(-4190)) prime?
True
Let g = 6093 + -3230. Is g prime?
False
Let c = 17 + -28. Let g = 37 + c. Is g a composite number?
True
Suppose 5*q - 4*j - 2404 = -7*j, q - 2*j = 473. Is q a prime number?
True
Is 5181/55 - (-2)/(-10) a prime number?
False
Suppose 4*v - 4 = -2*r - 26, -5*r = v + 46. Is -3*r/(108/40) composite?
True
Let l be ((-3)/4)/((-2)/120). Let w = l - 24. Is w a composite number?
True
Let z be (-12)/8*(3 + -1). Let j be (0 + 2)/(z/(-6)). Let n = j + 6. Is n composite?
True
Suppose 2*g = 2638 + 2848. Is g composite?
True
Let x be (630/(-7))/(0 + -1). Let m be 1 + 0 + 9*-5. Let r = m + x. Is r composite?
True
Let k(j) = -7*j + j**2 + j + 3 - 3. Let x be k(6). Suppose v + 2*v - 669 = -4*o, x = 2*v + 2*o - 446. Is v composite?
False
Let a(k) be the third derivative of -k**4/24 + k**3/3 + k**2. Let l be a(-2). Let p(h) = 8*h**2 - 5*h + 1. Is p(l) prime?
True
Suppose 599 - 79 = -5*k. Let v(d) = 12*d + 3. Let i be v(-4). Let b = i - k. Is b prime?
True
Let j(g) = 3*g**2 + 10*g - 8. Is j(-7) a prime number?
False
Let c(q) = -q**2 + 7*q + 3. Let p be c(6). Let s = p + -3. Let z(w) = 2*w**2 - 6*w - 5. Is z(s) prime?
True
Let l(x) be the second derivative of 10*x**3/3 - 3*x**2/2 - 3*x. Is l(4) prime?
False
Let w(j) = -125*j + 2. Is w(-1) a prime number?
True
Suppose -8 = -y - 4*t, -5*t - 23 = -3*y + 1. Is y - 9 - 16/(-1) composite?
True
Let s(a) = -3*a**3 - 5*a**2 - 3*a - 5. Suppose 2*d - 24 = 8*d. Is s(d) composite?
True
Let c(a) = 2*a**3 - a**2 + a + 2. Let k be c(5). Suppose h = 5*h - k. Is h composite?
True
Let c be (-152)/(-20) + (-6)/10. Suppose -c*g = -5*g - 194. Is g composite?
False
Let a(s) = 9*s**2 - 5*s - 3. Let g be a(4). Suppose 2*l = 61 + g. Let j = 182 - l. Is j prime?
False
Let j = -24 + 57. Suppose -3*q - 4*c - j = -194, 0 = c + 4. Is q composite?
False
Let n = 212 + -29. Is n a composite number?
True
Let d = 177 + -66. Is d prime?
False
Suppose r + 581 = 5*n - r, 233 = 2*n - r. Is n composite?
True
Suppose 0*x + 132 = 6*x. Is x a composite number?
True
Let g(n) = n**2 + n + 1. Let c(o) = -6*o**2 + 6*o + 4. Let h(k) = -c(k) + 5*g(k). Is h(3) a composite number?
False
Suppose 2*t = 159 + 163. Suppose -4*n = -5*w - 98 + 247, 5*w - n - t = 0. Is w composite?
True
Let w(v) = -v + 4 - 3 - 5 + 3. Is w(-8) a composite number?
False
Is (-1)/(-1)*-2 - -8 composite?
True
Let q(a) = a**3 + 8*a**2 - 3*a - 1. Let s be q(-8). Suppose -2*z = 9 - 3. Let v = s - z. Is v a composite number?
True
Let c = -25 - -38. Is c a prime number?
True
Is 335/15 + 2/3 prime?
True
Let g be (2/4)/(1/2). Let f be 3/g + 3/(-3). Suppose 4*j - 8*j = -5*t + 319, -f*j = -t + 59. Is t a composite number?
False
Suppose 0 = -2*r - 0*r + 3*g - 3, 2*g - 9 = -r. Suppose r*f = -2*f. Suppose f = 3*v + 5 - 26. Is v a composite number?
False
Suppose b = 102 + 531. Is b a prime number?
False
Let b be (16/(-10))/((-10)/1525). Let r = -160 + b. Suppose -5*v + r = l, 2*l = -l - 4*v + 230. Is l composite?
True
Suppose -2*x + h + 4*h = 43, -3*x = -3*h + 87. Let t be (x/(-3))/((-2)/(-3)). Let s = -7 + t. Is s composite?
True
Let y(o) = 4 + 3*o + 3*o - 3*o + 13*o**2. Let f be y(4). Suppose 294 + f = 2*p. Is p a prime number?
False
Suppose -a = -1 - 6. Suppose -a*x = -8*x + 317. Is x a composite number?
False
Suppose -11953 = 10*p - 62523. Is p a prime number?
False
Let m(d) = -109*d - 12. Is m(-7) composite?
False
Let d(m) = 3*m**2 + 5*m + 10. Is d(-12) composi